{"id":1484,"date":"2020-11-12T16:26:08","date_gmt":"2020-11-12T16:26:08","guid":{"rendered":"https:\/\/startertemplatecloud.com\/g01\/?page_id=1484"},"modified":"2025-05-03T16:04:31","modified_gmt":"2025-05-03T14:04:31","slug":"418-norman-street","status":"publish","type":"page","link":"https:\/\/ferme-helice.eu\/?page_id=1484","title":{"rendered":"Le Tr\u00e8fle"},"content":{"rendered":"<style>.kb-row-layout-id1484_b963c0-31 > .kt-row-column-wrap{align-content:end;}:where(.kb-row-layout-id1484_b963c0-31 > .kt-row-column-wrap) > .wp-block-kadence-column{justify-content:end;}.kb-row-layout-id1484_b963c0-31 > .kt-row-column-wrap{column-gap:var(--global-kb-gap-md, 2rem);row-gap:var(--global-kb-gap-md, 2rem);padding-top:25px;padding-bottom:0px;min-height:83vh;grid-template-columns:minmax(0, 1fr);}.kb-row-layout-id1484_b963c0-31 > .kt-row-layout-overlay{opacity:0.30;}@media all and (max-width: 1024px){.kb-row-layout-id1484_b963c0-31 > .kt-row-column-wrap{min-height:45vh;grid-template-columns:minmax(0, 1fr);}}@media all and (max-width: 767px){.kb-row-layout-id1484_b963c0-31 > .kt-row-column-wrap{min-height:65vh;grid-template-columns:minmax(0, 1fr);}}<\/style><div class=\"kb-row-layout-wrap kb-row-layout-id1484_b963c0-31 alignnone wp-block-kadence-rowlayout\"><div class=\"kt-blocks-carousel kb-blocks-bg-slider kt-carousel-container-dotstyle-none\"><div class=\"kt-blocks-carousel-init kb-blocks-bg-slider-init kt-carousel-arrowstyle-none kt-carousel-dotstyle-none\" data-slider-anim-speed=\"400\" data-slider-type=\"slider\" data-slider-scroll=\"1\" data-slider-arrows=\"false\" data-slider-fade=\"true\" data-slider-dots=\"false\" data-slider-hover-pause=\"false\" data-slider-auto=\"true\" data-slider-speed=\"7000\"><div class=\"kb-bg-slide-contain\"><div class=\"kb-bg-slide kb-bg-slide-0 lazyload\" style=\"background-image:inherit; background-size:cover; background-position:center center; background-repeat:no-repeat;\" data-bg-image=\"url(http:\/\/ferme-helice.eu\/wp-content\/uploads\/2025\/05\/Gitesmiddag-1-3.jpg)\"><\/div><\/div><div class=\"kb-bg-slide-contain\"><div class=\"kb-bg-slide kb-bg-slide-1 lazyload\" style=\"background-image:inherit; background-size:cover; background-position:center center; background-repeat:no-repeat;\" data-bg-image=\"url(http:\/\/ferme-helice.eu\/wp-content\/uploads\/2025\/05\/Gites-12.jpg)\"><\/div><\/div><div class=\"kb-bg-slide-contain\"><div class=\"kb-bg-slide kb-bg-slide-2 lazyload\" style=\"background-image:inherit; background-size:cover; background-position:center center; background-repeat:no-repeat;\" data-bg-image=\"url(http:\/\/ferme-helice.eu\/wp-content\/uploads\/2025\/05\/Gites-10.jpg)\"><\/div><\/div><\/div><\/div><div class=\"kt-row-column-wrap kt-has-1-columns kt-row-layout-equal kt-tab-layout-inherit kt-mobile-layout-row kt-row-valign-bottom\">\n<style>.kadence-column1484_30d06f-70 > .kt-inside-inner-col,.kadence-column1484_30d06f-70 > .kt-inside-inner-col:before{border-top-left-radius:0px;border-top-right-radius:0px;border-bottom-right-radius:0px;border-bottom-left-radius:0px;}.kadence-column1484_30d06f-70 > .kt-inside-inner-col{column-gap:var(--global-kb-gap-sm, 1rem);}.kadence-column1484_30d06f-70 > .kt-inside-inner-col{flex-direction:column;}.kadence-column1484_30d06f-70 > .kt-inside-inner-col > .aligncenter{width:100%;}.kadence-column1484_30d06f-70 > .kt-inside-inner-col:before{opacity:0.3;}.kadence-column1484_30d06f-70{position:relative;}@media all and (max-width: 1024px){.kadence-column1484_30d06f-70 > .kt-inside-inner-col{flex-direction:column;}}@media all and (max-width: 767px){.kadence-column1484_30d06f-70 > .kt-inside-inner-col{flex-direction:column;}}<\/style>\n<div class=\"wp-block-kadence-column kadence-column1484_30d06f-70 inner-column-1\"><div class=\"kt-inside-inner-col\"><style>.kb-row-layout-id1484_2acdbb-6c > .kt-row-column-wrap{align-content:center;}:where(.kb-row-layout-id1484_2acdbb-6c > .kt-row-column-wrap) > .wp-block-kadence-column{justify-content:center;}.kb-row-layout-id1484_2acdbb-6c > .kt-row-column-wrap{column-gap:80px;row-gap:var(--global-kb-gap-none, 0rem );max-width:var( --global-content-width, 1290px );padding-left:var(--global-content-edge-padding);padding-right:var(--global-content-edge-padding);padding-top:20px;padding-bottom:20px;grid-template-columns:minmax(0, calc(55% - ((80px * 1 )\/2)))minmax(0, calc(45% - ((80px * 1 )\/2)));}.kb-row-layout-id1484_2acdbb-6c{background-color:rgba(0,143,114,0.5);}.kb-row-layout-id1484_2acdbb-6c > .kt-row-layout-overlay{opacity:1;background:linear-gradient(270deg, var(--global-palette9) 48%, rgba(36, 45, 45, 0.7) 48%);}.kb-row-layout-id1484_2acdbb-6c a{color:var(--global-palette4, #2D3748);}.kb-row-layout-id1484_2acdbb-6c a:hover{color:var(--global-palette1, #3182CE);}@media all and (max-width: 1024px){.kb-row-layout-id1484_2acdbb-6c > .kt-row-column-wrap{grid-template-columns:repeat(2, minmax(0, 1fr));}}@media all and (max-width: 767px){.kb-row-layout-id1484_2acdbb-6c > .kt-row-column-wrap{padding-top:0px;padding-right:0px;padding-bottom:0px;padding-left:0px;grid-template-columns:minmax(0, 1fr);}.kb-row-layout-id1484_2acdbb-6c > .kt-row-layout-overlay{opacity:1;background:linear-gradient(270deg, var(--global-palette9) 20%, rgba(36,45,45,0.8) 20%);}}<\/style><div class=\"kb-row-layout-wrap kb-row-layout-id1484_2acdbb-6c alignnone kt-row-has-bg wp-block-kadence-rowlayout\"><div class=\"kt-row-layout-overlay kt-row-overlay-gradient\"><\/div><div class=\"kt-row-column-wrap kt-has-2-columns kt-row-layout-equal kt-tab-layout-inherit kt-mobile-layout-row kt-row-valign-middle kb-theme-content-width\">\n<style>.kadence-column1484_b0857e-54 > .kt-inside-inner-col,.kadence-column1484_b0857e-54 > .kt-inside-inner-col:before{border-top-left-radius:0px;border-top-right-radius:0px;border-bottom-right-radius:0px;border-bottom-left-radius:0px;}.kadence-column1484_b0857e-54 > .kt-inside-inner-col{column-gap:var(--global-kb-gap-sm, 1rem);}.kadence-column1484_b0857e-54 > .kt-inside-inner-col{flex-direction:column;}.kadence-column1484_b0857e-54 > .kt-inside-inner-col > .aligncenter{width:100%;}.kadence-column1484_b0857e-54 > .kt-inside-inner-col:before{opacity:0.3;}.kadence-column1484_b0857e-54{position:relative;}@media all and (max-width: 1024px){.kadence-column1484_b0857e-54 > .kt-inside-inner-col{flex-direction:column;}}@media all and (max-width: 767px){.kadence-column1484_b0857e-54 > .kt-inside-inner-col{padding-top:30px;padding-right:80px;padding-bottom:30px;padding-left:24px;flex-direction:column;}}<\/style>\n<div class=\"wp-block-kadence-column kadence-column1484_b0857e-54 inner-column-1\"><div class=\"kt-inside-inner-col\"><style>.wp-block-kadence-advancedheading.kt-adv-heading1484_bab26f-53, .wp-block-kadence-advancedheading.kt-adv-heading1484_bab26f-53[data-kb-block=\"kb-adv-heading1484_bab26f-53\"]{margin-bottom:5px;font-size:60px;line-height:1.1em;font-weight:normal;font-style:normal;}.wp-block-kadence-advancedheading.kt-adv-heading1484_bab26f-53 mark.kt-highlight, .wp-block-kadence-advancedheading.kt-adv-heading1484_bab26f-53[data-kb-block=\"kb-adv-heading1484_bab26f-53\"] mark.kt-highlight{font-weight:normal;font-style:normal;color:#f76a0c;-webkit-box-decoration-break:clone;box-decoration-break:clone;padding-top:0px;padding-right:0px;padding-bottom:0px;padding-left:0px;}@media all and (max-width: 1024px){.wp-block-kadence-advancedheading.kt-adv-heading1484_bab26f-53, .wp-block-kadence-advancedheading.kt-adv-heading1484_bab26f-53[data-kb-block=\"kb-adv-heading1484_bab26f-53\"]{font-size:45px;}}@media all and (max-width: 767px){.wp-block-kadence-advancedheading.kt-adv-heading1484_bab26f-53, .wp-block-kadence-advancedheading.kt-adv-heading1484_bab26f-53[data-kb-block=\"kb-adv-heading1484_bab26f-53\"]{font-size:30px;}}<\/style>\n<h1 class=\"kt-adv-heading1484_bab26f-53 wp-block-kadence-advancedheading has-theme-palette-9-color has-text-color\" data-kb-block=\"kb-adv-heading1484_bab26f-53\">Le Tr\u00e8fle<\/h1>\n\n\n\n<p class=\"has-theme-palette-9-color has-text-color\"><\/p>\n<\/div><\/div>\n\n\n<style>.kadence-column1484_92bc7c-b0 > .kt-inside-inner-col,.kadence-column1484_92bc7c-b0 > .kt-inside-inner-col:before{border-top-left-radius:0px;border-top-right-radius:0px;border-bottom-right-radius:0px;border-bottom-left-radius:0px;}.kadence-column1484_92bc7c-b0 > .kt-inside-inner-col{column-gap:var(--global-kb-gap-sm, 1rem);}.kadence-column1484_92bc7c-b0 > .kt-inside-inner-col{flex-direction:column;}.kadence-column1484_92bc7c-b0 > .kt-inside-inner-col > .aligncenter{width:100%;}.kadence-column1484_92bc7c-b0 > .kt-inside-inner-col{background-color:var(--global-palette9, #ffffff);}.kadence-column1484_92bc7c-b0 > .kt-inside-inner-col:before{opacity:0.3;}.kadence-column1484_92bc7c-b0{position:relative;}@media all and (max-width: 1024px){.kadence-column1484_92bc7c-b0 > .kt-inside-inner-col{flex-direction:column;}}@media all and (max-width: 767px){.kadence-column1484_92bc7c-b0 > .kt-inside-inner-col{padding-top:30px;padding-right:24px;padding-bottom:0px;padding-left:24px;flex-direction:column;}}<\/style>\n<div class=\"wp-block-kadence-column kadence-column1484_92bc7c-b0\"><div class=\"kt-inside-inner-col\">\n<p><strong>\u00c0 partir de 480\u202f\u20ac\/nuit, selon la saison<\/strong><\/p>\n\n\n\n<p><strong>Tarifs d\u00e9gressifs \u00e0 la semaine<\/strong><\/p>\n<\/div><\/div>\n\n<\/div><\/div><\/div><\/div>\n\n<\/div><\/div>\n\n<style>.kb-row-layout-id1484_40ab03-d9 > .kt-row-column-wrap{align-content:start;}:where(.kb-row-layout-id1484_40ab03-d9 > .kt-row-column-wrap) > .wp-block-kadence-column{justify-content:start;}.kb-row-layout-id1484_40ab03-d9 > .kt-row-column-wrap{column-gap:80px;row-gap:var(--global-kb-gap-md, 2rem);max-width:var( --global-content-width, 1290px );padding-left:var(--global-content-edge-padding);padding-right:var(--global-content-edge-padding);padding-top:80px;padding-bottom:25px;grid-template-columns:minmax(0, calc(55% - ((80px * 1 )\/2)))minmax(0, calc(45% - ((80px * 1 )\/2)));}.kb-row-layout-id1484_40ab03-d9 > .kt-row-layout-overlay{opacity:0.30;}@media all and (max-width: 1024px){.kb-row-layout-id1484_40ab03-d9 > .kt-row-column-wrap{grid-template-columns:repeat(2, minmax(0, 1fr));}}@media all and (max-width: 767px){.kb-row-layout-id1484_40ab03-d9 > .kt-row-column-wrap{grid-template-columns:minmax(0, 1fr);}}<\/style><div class=\"kb-row-layout-wrap kb-row-layout-id1484_40ab03-d9 alignnone wp-block-kadence-rowlayout\"><div class=\"kt-row-column-wrap kt-has-2-columns kt-row-layout-equal kt-tab-layout-inherit kt-mobile-layout-row kt-row-valign-top kb-theme-content-width\">\n<style>.kadence-column1484_95ca47-ec > .kt-inside-inner-col,.kadence-column1484_95ca47-ec > .kt-inside-inner-col:before{border-top-left-radius:0px;border-top-right-radius:0px;border-bottom-right-radius:0px;border-bottom-left-radius:0px;}.kadence-column1484_95ca47-ec > .kt-inside-inner-col{column-gap:var(--global-kb-gap-sm, 1rem);}.kadence-column1484_95ca47-ec > .kt-inside-inner-col{flex-direction:column;}.kadence-column1484_95ca47-ec > .kt-inside-inner-col > .aligncenter{width:100%;}.kadence-column1484_95ca47-ec > .kt-inside-inner-col:before{opacity:0.3;}.kadence-column1484_95ca47-ec{position:relative;}@media all and (max-width: 1024px){.kadence-column1484_95ca47-ec > .kt-inside-inner-col{flex-direction:column;}}@media all and (max-width: 767px){.kadence-column1484_95ca47-ec > .kt-inside-inner-col{flex-direction:column;}}<\/style>\n<div class=\"wp-block-kadence-column kadence-column1484_95ca47-ec inner-column-1\"><div class=\"kt-inside-inner-col\"><style>.wp-block-kadence-advancedheading.kt-adv-heading1484_976199-86, .wp-block-kadence-advancedheading.kt-adv-heading1484_976199-86[data-kb-block=\"kb-adv-heading1484_976199-86\"]{font-size:25px;font-weight:500;font-style:normal;}.wp-block-kadence-advancedheading.kt-adv-heading1484_976199-86 mark.kt-highlight, .wp-block-kadence-advancedheading.kt-adv-heading1484_976199-86[data-kb-block=\"kb-adv-heading1484_976199-86\"] mark.kt-highlight{font-weight:normal;font-style:normal;color:#f76a0c;-webkit-box-decoration-break:clone;box-decoration-break:clone;padding-top:0px;padding-right:0px;padding-bottom:0px;padding-left:0px;}<\/style>\n<h3 class=\"kt-adv-heading1484_976199-86 wp-block-kadence-advancedheading\" data-kb-block=\"kb-adv-heading1484_976199-86\">Un h\u00e9bergement spacieux et confortable au Tr\u00e8fle<\/h3>\n\n\n\n<p><strong>Le Tr\u00e8fle<\/strong> accueille <strong>jusqu\u2019\u00e0 15 personnes<\/strong> pour la nuit, r\u00e9parties dans <strong>6 chambres<\/strong> avec <strong>3 lits doubles<\/strong> et <strong>9 lits simples<\/strong>.<br>Le g\u00eete dispose de <strong>2 salles de douche<\/strong> et <strong>2 toilettes<\/strong>.<\/p>\n\n\n\n<p>Les espaces communs sont organis\u00e9s en <strong>espace ouvert<\/strong> :<\/p>\n\n\n\n<ul class=\"wp-block-list\">\n<li>Une <strong>grande salle \u00e0 manger<\/strong>, attenante \u00e0 la cuisine principale<\/li>\n\n\n\n<li>Un <strong>s\u00e9jour ouvert<\/strong>, parfait pour se d\u00e9tendre, discuter ou jouer<\/li>\n<\/ul>\n\n\n\n<p>\ud83c\udf7d\ufe0f <strong>Deux cuisines \u00e9quip\u00e9es<\/strong> :<\/p>\n\n\n\n<ul class=\"wp-block-list\">\n<li>Une <strong>cuisine principale<\/strong>, attenante \u00e0 la salle \u00e0 manger, avec grands \u00e9quipements pour pr\u00e9parer les repas (r\u00e9frig\u00e9rateurs, gazini\u00e8res, fours, micro-ondes, lave-vaisselle)<\/li>\n\n\n\n<li>Une <strong>cuisine secondaire<\/strong>, attenante \u00e0 salle de s\u00e9jour, pratique pour la pr\u00e9paration des ap\u00e9ritifs et le service d\u2019appoint (r\u00e9frig\u00e9rateur, gazini\u00e8re, lave-vaisselle)<\/li>\n<\/ul>\n\n\n\n<p>\ud83d\udecf\ufe0f <strong>Le linge de lit est disponible en suppl\u00e9ment<\/strong> sur demande.<br>\ud83d\udebf <strong>Les serviettes de toilette ne sont pas incluses<\/strong> \u2014 pensez \u00e0 apporter les v\u00f4tres.<\/p>\n<\/div><\/div>\n\n\n<style>.kadence-column1484_6b978e-ab > .kt-inside-inner-col,.kadence-column1484_6b978e-ab > .kt-inside-inner-col:before{border-top-left-radius:0px;border-top-right-radius:0px;border-bottom-right-radius:0px;border-bottom-left-radius:0px;}.kadence-column1484_6b978e-ab > .kt-inside-inner-col{column-gap:var(--global-kb-gap-sm, 1rem);}.kadence-column1484_6b978e-ab > .kt-inside-inner-col{flex-direction:column;}.kadence-column1484_6b978e-ab > .kt-inside-inner-col > .aligncenter{width:100%;}.kadence-column1484_6b978e-ab > .kt-inside-inner-col:before{opacity:0.3;}.kadence-column1484_6b978e-ab{position:relative;}@media all and (max-width: 1024px){.kadence-column1484_6b978e-ab > .kt-inside-inner-col{flex-direction:column;}}@media all and (max-width: 767px){.kadence-column1484_6b978e-ab > .kt-inside-inner-col{flex-direction:column;}}<\/style>\n<div class=\"wp-block-kadence-column kadence-column1484_6b978e-ab inner-column-2\"><div class=\"kt-inside-inner-col\"><style>.wp-block-kadence-advancedheading.kt-adv-heading1484_5cabd3-2d, .wp-block-kadence-advancedheading.kt-adv-heading1484_5cabd3-2d[data-kb-block=\"kb-adv-heading1484_5cabd3-2d\"]{font-size:25px;font-weight:500;font-style:normal;}.wp-block-kadence-advancedheading.kt-adv-heading1484_5cabd3-2d mark.kt-highlight, .wp-block-kadence-advancedheading.kt-adv-heading1484_5cabd3-2d[data-kb-block=\"kb-adv-heading1484_5cabd3-2d\"] mark.kt-highlight{font-weight:normal;font-style:normal;color:#f76a0c;-webkit-box-decoration-break:clone;box-decoration-break:clone;padding-top:0px;padding-right:0px;padding-bottom:0px;padding-left:0px;}<\/style>\n<h3 class=\"kt-adv-heading1484_5cabd3-2d wp-block-kadence-advancedheading\" data-kb-block=\"kb-adv-heading1484_5cabd3-2d\">Le Tr\u00e8fle &#8211; En bref<\/h3>\n\n\n<style>.kadence-column1484_b3bcdf-81 > .kt-inside-inner-col,.kadence-column1484_b3bcdf-81 > .kt-inside-inner-col:before{border-top-left-radius:0px;border-top-right-radius:0px;border-bottom-right-radius:0px;border-bottom-left-radius:0px;}.kadence-column1484_b3bcdf-81 > .kt-inside-inner-col{column-gap:var(--global-kb-gap-sm, 1rem);}.kadence-column1484_b3bcdf-81 > .kt-inside-inner-col{flex-direction:column;}.kadence-column1484_b3bcdf-81 > .kt-inside-inner-col > .aligncenter{width:100%;}.kadence-column1484_b3bcdf-81 > .kt-inside-inner-col:before{opacity:0.3;}.kadence-column1484_b3bcdf-81{position:relative;}@media all and (max-width: 1024px){.kadence-column1484_b3bcdf-81 > .kt-inside-inner-col{flex-direction:column;}}@media all and (max-width: 767px){.kadence-column1484_b3bcdf-81 > .kt-inside-inner-col{flex-direction:column;}}<\/style>\n<div class=\"wp-block-kadence-column kadence-column1484_b3bcdf-81\"><div class=\"kt-inside-inner-col\"><style>.wp-block-kadence-advancedheading.kt-adv-heading1484_44a3d2-61, .wp-block-kadence-advancedheading.kt-adv-heading1484_44a3d2-61[data-kb-block=\"kb-adv-heading1484_44a3d2-61\"]{font-style:normal;}.wp-block-kadence-advancedheading.kt-adv-heading1484_44a3d2-61 mark.kt-highlight, .wp-block-kadence-advancedheading.kt-adv-heading1484_44a3d2-61[data-kb-block=\"kb-adv-heading1484_44a3d2-61\"] mark.kt-highlight{font-style:normal;color:#f76a0c;-webkit-box-decoration-break:clone;box-decoration-break:clone;padding-top:0px;padding-right:0px;padding-bottom:0px;padding-left:0px;}<\/style>\n<h4 class=\"kt-adv-heading1484_44a3d2-61 wp-block-kadence-advancedheading\" data-kb-block=\"kb-adv-heading1484_44a3d2-61\">H\u00e9bergement<\/h4>\n\n\n\n<figure class=\"wp-block-table\"><table><tbody><tr><td>Capacit\u00e9 de couchage<\/td><td>15 personnes<\/td><\/tr><tr><td>Nombres de chambres<\/td><td>6<\/td><\/tr><tr><td>Nombres de lit 2 pers.<\/td><td>3<\/td><\/tr><tr><td>Nombres de lit 1 pers.<\/td><td>9<\/td><\/tr><tr><td>Nombres de douches<\/td><td>2<\/td><\/tr><tr><td>Nombres de toillettes<\/td><td>2<\/td><\/tr><\/tbody><\/table><\/figure>\n<\/div><\/div>\n\n\n<style>.kadence-column1484_60bd1e-e6 > .kt-inside-inner-col,.kadence-column1484_60bd1e-e6 > .kt-inside-inner-col:before{border-top-left-radius:0px;border-top-right-radius:0px;border-bottom-right-radius:0px;border-bottom-left-radius:0px;}.kadence-column1484_60bd1e-e6 > .kt-inside-inner-col{column-gap:var(--global-kb-gap-sm, 1rem);}.kadence-column1484_60bd1e-e6 > .kt-inside-inner-col{flex-direction:column;}.kadence-column1484_60bd1e-e6 > .kt-inside-inner-col > .aligncenter{width:100%;}.kadence-column1484_60bd1e-e6 > .kt-inside-inner-col:before{opacity:0.3;}.kadence-column1484_60bd1e-e6{position:relative;}@media all and (max-width: 1024px){.kadence-column1484_60bd1e-e6 > .kt-inside-inner-col{flex-direction:column;}}@media all and (max-width: 767px){.kadence-column1484_60bd1e-e6 > .kt-inside-inner-col{flex-direction:column;}}<\/style>\n<div class=\"wp-block-kadence-column kadence-column1484_60bd1e-e6\"><div class=\"kt-inside-inner-col\"><style>.wp-block-kadence-advancedheading.kt-adv-heading1484_09d66e-90, .wp-block-kadence-advancedheading.kt-adv-heading1484_09d66e-90[data-kb-block=\"kb-adv-heading1484_09d66e-90\"]{margin-top:var(--global-kb-spacing-sm, 1.5rem);font-style:normal;}.wp-block-kadence-advancedheading.kt-adv-heading1484_09d66e-90 mark.kt-highlight, .wp-block-kadence-advancedheading.kt-adv-heading1484_09d66e-90[data-kb-block=\"kb-adv-heading1484_09d66e-90\"] mark.kt-highlight{font-style:normal;color:#f76a0c;-webkit-box-decoration-break:clone;box-decoration-break:clone;padding-top:0px;padding-right:0px;padding-bottom:0px;padding-left:0px;}<\/style>\n<h4 class=\"kt-adv-heading1484_09d66e-90 wp-block-kadence-advancedheading\" data-kb-block=\"kb-adv-heading1484_09d66e-90\">\u00c9quipements<\/h4>\n\n\n\n<figure class=\"wp-block-table\"><table><thead><tr><th>Cuisine principale<\/th><th>Cuisine secondaire<\/th><\/tr><\/thead><tbody><tr><td>2 r\u00e9frig\u00e9rateurs<\/td><td>1 r\u00e9frig\u00e9rateur<\/td><\/tr><tr><td>1 Gazini\u00e8re (4 feux)<\/td><td>1 gazini\u00e8re<\/td><\/tr><tr><td>Plaques de cuisson \u00e9lectriques (4 \u00e9l\u00e9ments)<\/td><td>1 lave-vaiselle<\/td><\/tr><tr><td>3 Fours (1 gaz + 2 \u00e9lectriques)<\/td><td><\/td><\/tr><tr><td>1 micro-ondes<\/td><td><\/td><\/tr><tr><td>2 lave-vaisselle<\/td><td><\/td><\/tr><\/tbody><\/table><\/figure>\n<\/div><\/div>\n<\/div><\/div>\n\n<\/div><\/div>\n\n\n<p><\/p>\n","protected":false},"excerpt":{"rendered":"<p>Le Tr\u00e8fle \u00c0 partir de 480\u202f\u20ac\/nuit, selon la saison Tarifs d\u00e9gressifs \u00e0 la semaine Un h\u00e9bergement spacieux et confortable au Tr\u00e8fle Le Tr\u00e8fle accueille jusqu\u2019\u00e0 15 personnes pour la nuit, r\u00e9parties dans 6 chambres avec 3 lits doubles et 9 lits simples.Le g\u00eete dispose de 2 salles de douche et 2 toilettes. Les espaces communs&#8230;<\/p>\n","protected":false},"author":1,"featured_media":1565,"parent":0,"menu_order":0,"comment_status":"closed","ping_status":"closed","template":"","meta":{"_kadence_starter_templates_imported_post":true,"_kad_post_transparent":"enable","_kad_post_title":"hide","_kad_post_layout":"fullwidth","_kad_post_sidebar_id":"","_kad_post_content_style":"unboxed","_kad_post_vertical_padding":"hide","_kad_post_feature":"","_kad_post_feature_position":"","_kad_post_header":false,"_kad_post_footer":false,"footnotes":""},"class_list":["post-1484","page","type-page","status-publish","has-post-thumbnail","hentry"],"_links":{"self":[{"href":"https:\/\/ferme-helice.eu\/index.php?rest_route=\/wp\/v2\/pages\/1484","targetHints":{"allow":["GET"]}}],"collection":[{"href":"https:\/\/ferme-helice.eu\/index.php?rest_route=\/wp\/v2\/pages"}],"about":[{"href":"https:\/\/ferme-helice.eu\/index.php?rest_route=\/wp\/v2\/types\/page"}],"author":[{"embeddable":true,"href":"https:\/\/ferme-helice.eu\/index.php?rest_route=\/wp\/v2\/users\/1"}],"replies":[{"embeddable":true,"href":"https:\/\/ferme-helice.eu\/index.php?rest_route=%2Fwp%2Fv2%2Fcomments&post=1484"}],"version-history":[{"count":13,"href":"https:\/\/ferme-helice.eu\/index.php?rest_route=\/wp\/v2\/pages\/1484\/revisions"}],"predecessor-version":[{"id":1727,"href":"https:\/\/ferme-helice.eu\/index.php?rest_route=\/wp\/v2\/pages\/1484\/revisions\/1727"}],"wp:featuredmedia":[{"embeddable":true,"href":"https:\/\/ferme-helice.eu\/index.php?rest_route=\/wp\/v2\/media\/1565"}],"wp:attachment":[{"href":"https:\/\/ferme-helice.eu\/index.php?rest_route=%2Fwp%2Fv2%2Fmedia&parent=1484"}],"curies":[{"name":"wp","href":"https:\/\/api.w.org\/{rel}","templated":true}]}}